99 is divided by 3240?
39
Calculate the remainder when 55916 is divided by 327.
326
What is the remainder when 102125 is divided by 18?
11
Calculate the remainder when 44950 is divided by 8.
6
Calculate the remainder when 47295 is divided by 66.
39
What is the remainder when 14225 is divided by 14178?
47
What is the remainder when 278174 is divided by 8?
6
What is the remainder when 118759 is divided by 211?
177
What is the remainder when 2493 is divided by 232?
173
What is the remainder when 439343 is divided by 101?
94
What is the remainder when 4512 is divided by 252?
228
Calculate the remainder when 10254 is divided by 30.
24
What is the remainder when 4070 is divided by 102?
92
What is the remainder when 189743 is divided by 75?
68
What is the remainder when 1280182 is divided by 8?
6
What is the remainder when 222301 is divided by 469?
464
What is the remainder when 41869 is divided by 27?
19
Calculate the remainder when 1443188 is divided by 19.
5
Calculate the remainder when 1913 is divided by 623.
44
What is the remainder when 297809 is divided by 135?
134
Calculate the remainder when 147272 is divided by 13.
8
Calculate the remainder when 915682 is divided by 233.
225
What is the remainder when 18274 is divided by 30?
4
What is the remainder when 6425 is divided by 6?
5
Calculate the remainder when 39327 is divided by 2616.
87
What is the remainder when 46547 is divided by 46547?
0
What is the remainder when 12229 is divided by 437?
430
What is the remainder when 6495 is divided by 1296?
15
What is the remainder when 4670023 is divided by 31?
28
What is the remainder when 34383 is divided by 8?
7
Calculate the remainder when 20131 is divided by 91.
20
What is the remainder when 4515 is divided by 1420?
255
Calculate the remainder when 1336 is divided by 469.
398
What is the remainder when 35322 is divided by 552?
546
Calculate the remainder when 8966 is divided by 908.
794
What is the remainder when 32326 is divided by 32306?
20
What is the remainder when 44097 is divided by 502?
423
What is the remainder when 29163 is divided by 892?
619
What is the remainder when 6772 is divided by 1348?
32
What is the remainder when 9076 is divided by 9075?
1
What is the remainder when 6190 is divided by 229?
7
What is the remainder when 26410 is divided by 489?
4
What is the remainder when 904943 is divided by 645?
8
Calculate the remainder when 21497 is divided by 221.
60
Calculate the remainder when 68622 is divided by 98.
22
What is the remainder when 4442 is divided by 406?
382
What is the remainder when 2616 is divided by 2487?
129
Calculate the remainder when 31819 is divided by 15902.
15
What is the remainder when 5225952 is divided by 355?
352
Calculate the remainder when 2586 is divided by 16.
10
What is the remainder when 16570 is divided by 865?
135
Calculate the remainder when 11132 is divided by 1371.
164
What is the remainder when 76335 is divided by 12716?
39
Calculate the remainder when 220375 is divided by 67.
12
What is the remainder when 3961 is divided by 128?
121
What is the remainder when 6011 is divided by 2970?
71
What is the remainder when 219 is divided by 169?
50
What is the remainder when 29767 is divided by 10?
7
What is the remainder when 9320 is divided by 9178?
142
What is the remainder when 1299 is divided by 934?
365
What is the remainder when 59437 is divided by 10?
7
Calculate the remainder when 24351 is divided by 48.
15
What is the remainder when 5351 is divided by 66?
5
What is the remainder when 2568 is divided by 2558?
10
What is the remainder when 14492 is divided by 4827?
11
What is the remainder when 701 is divided by 326?
49
What is the remainder when 233598 is divided by 146?
144
Calculate the remainder when 17779 is divided by 231.
223
Calculate the remainder when 1763 is divided by 41.
0
Calculate the remainder when 767 is divided by 710.
57
Calculate the remainder when 25016 is divided by 5001.
11
What is the remainder when 2870 is divided by 701?
66
Calculate the remainder when 192991 is divided by 121.
117
What is the remainder when 29563 is divided by 822?
793
Calculate the remainder when 48008 is divided by 106.
96
Calculate the remainder when 63785 is divided by 103.
28
Calculate the remainder when 3015 is divided by 682.
287
Calculate the remainder when 192 is divided by 57.
21
What is the remainder when 47253 is divided by 47250?
3
Calculate the remainder when 34463 is divided by 8611.
19
What is the remainder when 1744 is divided by 271?
118
What is the remainder when 839504 is divided by 12?
8
Calculate the remainder when 12030 is divided by 2378.
140
Calculate the remainder when 3717 is divided by 548.
429
Calculate the remainder when 8936 is divided by 587.
131
Calculate the remainder when 20142 is divided by 1677.
18
Calculate the remainder when 10159 is divided by 19.
13
Calculate the remainder when 68656 is divided by 34284.
88
Calculate the remainder when 4287 is divided by 67.
66
What is the remainder when 6838 is divided by 2008?
814
What is the remainder when 510 is divided by 497?
13
What is the remainder when 220803 is divided by 13?
11
What is the remainder when 14663 is divided by 770?
33
What is the remainder when 3453 is divided by 67?
36
What is the remainder when 6974 is divided by 695?
24
What is the remainder when 36065 is divided by 55?
40
Calculate the remainder when 47354 is divided by 205.
204
What is the remainder when 621 is divided by 16?
13
What is the remainder when 2820 is divided by 179?
135
What is the remainder when 8056 is divided by 92?
52
What is the remainder when 21313 is divided by 1256?
1217
Calculate the remainder when 191571 is divided by 723.
699
Calculate the remainder when 22287 is divided by 5.
2
Calculate the remainder when 2209 is divided by 75.
34
Calculate the remainder when 73516 is divided by 1837.
36
What is the remainder when 227422 is divided by 36?
10
What is the remainder when 5108 is divided by 3?
2
What is the remainder when 10661 is divided by 2661?
17
Calculate the remainder when 4783 is divided by 4734.
49
Calculate the remainder when 1606 is divided by 104.
46
Calculate the remainder when 272454 is divided by 68113.
2
Calculate the remainder when 62018 is divided by 20671.
5
What is the remainder when 47921 is divided by 15963?
32
Calculate the remainder when 9228 is divided by 663.
609
Calculate the remainder when 10893 is divided by 1074.
153
What is the remainder when 25168 is divided by 168?
136
Calculate the remainder when 34168 is divided by 62.
6
What is the remainder when 35300 is divided by 545?
420
What is the remainder when 41374 is divided by 73?
56
What is the remainder when 5553 is divided by 1105?
28
Calculate the remainder when 726698 is divided by 52.
50
What is the remainder when 64636 is divided by 703?
663
What is the remainder when 5268 is divided by 175?
18
What is the remainder when 11936 is divided by 1486?
48
Calculate the remainder when 37699 is divided by 49.
18
Calculate the remainder when 901 is divided by 302.
297
Calculate the remainder when 152684 is divided by 3550.
34
What is the remainder when 401059 is divided by 110?
109
What is the remainder when 14165 is divided by 2356?
29
What is the remainder when 55360 is divided by 235?
135
What is the remainder when 14337 is divided by 134?
133
Calculate the remainder when 4371 is divided by 873.
6
What is the remainder when 128410 is divided by 1011?
13
What is the remainder when 5133 is divided by 513?
3
What is the remainder when 6137 is divided by 273?
131
Calculate the remainder when 3374 is divided by 3367.
7
What is the remainder when 29564 is divided by 2683?
51
What is the remainder when 18383 is divided by 593?
0
What is the remainder when 3085 is divided by 1170?
745
Calculate the remainder when 2751902 is divided by 361.
360
Calculate the remainder when 14140 is divided by 13.
9
Calculate the remainder when 17356 is divided by 3443.
141
Calculate the remainder when 115806 is divided by 330.
306
What is the remainder when 4552 is divided by 131?
98
What is the remainder when 21849 is divided by 10839?
171
Calculate the remainder when 320260 is divided by 86.
82
What is the remainder when 18764 is divided by 813?
65
What is the remainde